 the units digit of o/40 + 208/10?
1
Let l(r) = 2*r**2 + 30*r - 29. Let x be l(-16). Suppose 5*a - 2241 - 749 = 5*k, x*k = -3*a + 1806. What is the tens digit of a?
0
Let x = 1733 + -1722. Let n(o) = o**3 + 6*o**2 - 8. Let q be n(-6). What is the units digit of (-689)/q + x/(-88)?
6
Let m = 30907 - 15042. What is the thousands digit of m?
5
Let o = 51034 - 22836. What is the thousands digit of o?
8
Let a = 15 - -4. Suppose -a*x + 48*x - 14645 = 0. What is the units digit of x?
5
Let s = 47 + -47. Suppose s*h - 2*h = -h. Suppose h = -5*z + 397 + 38. What is the tens digit of z?
8
Suppose 3*p - 14002 = -2035. What is the units digit of p?
9
Let q = -6316 + 16216. What is the thousands digit of q?
9
Suppose 0 = b, 0 = -0*s - 3*s - 5*b - 351. Let i = 322 + s. What is the hundreds digit of i?
2
Let p be 2/2*-10*(-4)/10. Suppose -25*d + 23*d - 2*t = -2142, p*t - 5352 = -5*d. What is the hundreds digit of d?
0
What is the ten thousands digit of (2414/(-5))/(4/(-3780)*7)?
6
Suppose -6 - 8 = -w. What is the tens digit of ((-1092)/10)/(w/(-35))?
7
Let g = 255 + -269. Let m(x) = -69*x - 39. What is the hundreds digit of m(g)?
9
Let b(a) be the third derivative of -a**5/60 - a**4/6 + 89*a**3/6 + a**2. Suppose -3*q + 26*q = 0. What is the tens digit of b(q)?
8
Let n(s) = -s**3 - 5. Let k be n(4). Let t = -1541 + 1737. Let i = k + t. What is the tens digit of i?
2
Let v(x) = 3*x**2 - 39*x - 17. Let n be v(14). Suppose 24*j = n*j - 966. What is the tens digit of j?
6
Let m be (-533)/3 + 35/(-15) + 3. Let v = 375 + m. What is the hundreds digit of v?
1
Suppose -4 = 2*z + 14. What is the hundreds digit of (4584 + 0)/3 + z?
5
Let o = 27 - 25. Let a(f) = -9*f**2 - 25 + 4*f**2 - 12*f + 4*f**o. What is the units digit of a(-9)?
2
Let n = 5290 + -7829. Let g = n - -3876. What is the units digit of g?
7
Suppose a + j - 2 = 0, 5*a + 22*j - 7 = 18*j. What is the units digit of (436 - 0)/((-3 - a) + 3)?
6
Suppose -773 = o + 5*c, 2*o + 3161 = -2*o + 3*c. Let u = -1108 - o. Let k = -204 - u. What is the hundreds digit of k?
1
Let y(o) = -o**3 + 7*o**2 + 4. Let t be y(7). Let x = 6 - t. Suppose -7 = -x*z + 69. What is the tens digit of z?
3
Let g be 166/5 - (-2)/(-10). Suppose -59 - 241 = -30*t. Let v = g + t. What is the units digit of v?
3
Suppose -5*p - 2 = -7. Let i(c) = 183*c**2 + 1. What is the units digit of i(p)?
4
Let x = 19429 - 5216. What is the tens digit of x?
1
Suppose -152*q + 90*q = -73*q + 708961. What is the thousands digit of q?
4
Suppose -4*b - 3*h = -8, 2*b - 4 = -3*h - 2*h. Let n(j) = 3*j**3 - 4*j**2 - j - 2. Let l be n(b). What is the tens digit of (3 - 150/l)/(3/(-8))?
9
Suppose -942 = -13*b + 2412. Let x = 526 - b. What is the units digit of x?
8
Suppose 0 = w + d - 22, -5*w - 5*d + 50 = -3*w. Suppose 2*r - 14*r = -60. Suppose -2*y + 5*g + w = 0, 4*g = -r*y + 114 - 31. What is the tens digit of y?
1
Let u(y) = y**3 + 56*y**2 + 59*y + 17. What is the tens digit of u(-54)?
6
Let u(w) = 2*w**2 + 2. Let h be u(-1). Suppose 9*m = -3*b + h*m - 33, 5*b = m - 27. What is the units digit of 9*b/(-5)*5?
4
Let d(s) = s - 8. Let l be d(8). Suppose 3*c - 5*n - 838 = 0, l = -5*c + 7*n - 2*n + 1390. Let p = -65 + c. What is the hundreds digit of p?
2
Let v(n) be the second derivative of -3*n**3/2 - 25*n**2/2 + 21*n. What is the tens digit of v(-6)?
2
Suppose -5*s - 3*d = -375, 4*s - 3*s = 2*d + 62. What is the tens digit of (2 - (-62)/8)/(s/2688)?
6
Let z be (3 + -4)/((-1)/467). Let b = 757 - z. Suppose 110 = 2*o - 0*o + 4*n, -5*n = 5*o - b. What is the tens digit of o?
6
Let s(o) = -8417*o + 1263. What is the tens digit of s(-6)?
6
Let b(z) = 6*z**2 - 437*z + 32. What is the hundreds digit of b(-41)?
0
Let n(y) = 1844 - 10*y**2 - 7*y**3 - 15*y**3 + 12*y**2 + 24*y**3 + 4*y. What is the thousands digit of n(0)?
1
Suppose -224667 = -55*z + 30973. What is the units digit of z?
8
Suppose -6*i = 0, 4*h + 0*i - 38984 = -4*i. What is the units digit of h?
6
Let o(h) = -h**3 + 6*h**2 - 5*h + 4. Let g be o(4). Suppose -u - g = -3*u. Suppose 3*p = y + 62, -p + 3*y = u*y - 42. What is the tens digit of p?
2
Let v(n) = 12*n - 11. Let k be (9/(-15) - -5)/(3/15). What is the units digit of v(k)?
3
Let f(q) = 8*q - 296. Let s be f(0). Let h = 11 - s. What is the units digit of h?
7
Let x(p) = 23*p**2 + 2*p - 1. Let l be x(1). Let m = l - 20. What is the units digit of (0 - m) + (0 - -53)?
9
Suppose 0 = 4*s - 96 - 16. Suppose -5*x = 186 - 56. Let t = s - x. What is the units digit of t?
4
Let w = -13651 + 14785. What is the thousands digit of w?
1
Let h = -23577 - -39384. What is the thousands digit of h?
5
Suppose 0 = 5*f + 10, 5*k - 5*f + 10*f - 52190 = 0. What is the tens digit of k?
4
Suppose 2*o + 10*o - 180 = 0. Suppose -3*r - v + 68 = 0, 4*v + o + 49 = 4*r. What is the units digit of r?
1
Let d(u) = 15*u**2 - 2*u - 8. Let c(h) = 45*h**2 - 6*h - 24. Let w(v) = 6*c(v) - 17*d(v). Let z be w(-4). Suppose -l = 3*l - z. What is the units digit of l?
0
Let h be ((-38)/3)/(2/(-36)*-4). Let u be (h/(-6) - (-3 - -7))*132. Let g = u - 490. What is the tens digit of g?
3
Let s(d) = -d**3 + 26*d**2 - 68*d - 94. What is the units digit of s(21)?
3
Let a = -1127 - -20874. What is the ten thousands digit of a?
1
Let u = 70033 - 44337. What is the thousands digit of u?
5
Let j be (0 - 4)/2*(-2513)/(-14). Let i = j + 618. What is the tens digit of i?
5
Suppose 11*k = -3*d + 6*k - 36, -5*d + 5*k = 20. Let r(c) = 35 + c**2 - c**3 - 6*c**2 - 46 + 2*c. What is the units digit of r(d)?
3
Let c(f) = -2*f + 27. Let d(o) = -5*o + 77. Let k(j) = -8*c(j) + 3*d(j). Let x(v) = v**3 + 5*v**2 - 9*v - 2. Let t be x(-6). What is the tens digit of k(t)?
3
Suppose -5*w + 26*w + 24*w - 29205 = 0. What is the tens digit of w?
4
Suppose a - 2*a + 4*h - 14 = 0, 4*h - 34 = 3*a. Let q(d) be the first derivative of d**4/4 + 11*d**3/3 + d**2/2 - 2*d - 333. What is the units digit of q(a)?
8
Let q = 211 + -137. Suppose 2*k - 10 = -3*k, -4*n + q = -5*k. What is the units digit of 468/n - (-8)/(-28)?
2
Let r = 16655 + -5878. What is the units digit of r?
7
Let b = -10613 + 39401. What is the units digit of b?
8
Let s(q) = -15416*q - 1259. What is the thousands digit of s(-2)?
9
Suppose -129858 = 161*x - 824895. What is the units digit of x?
7
Let i = -353 - -351. What is the tens digit of ((-7 - -4) + (-12901)/14)*i?
4
Let t = -12938 + 19222. What is the hundreds digit of t?
2
Let h = -9362 + 13836. What is the hundreds digit of h?
4
Let y(q) = 109*q**2 - 41*q + 119. What is the thousands digit of y(6)?
3
Let l(s) be the first derivative of -s**3/3 + 8*s**2 - s - 55. What is the tens digit of l(6)?
5
Let k(n) = -n**3 - 14*n**2 - 25*n. Let o be k(-12). What is the hundreds digit of o*1/32 + (-7834)/(-16)?
4
Let g be -5 - (115/(-5) - -1) - 0. Suppose g*y + 27899 = 40*y. What is the tens digit of y?
1
Let u = 10460 - -4100. What is the thousands digit of u?
4
Let y = -11311 - -17669. What is the thousands digit of y?
6
Suppose t - 4*x + 16 = 0, 2*t = 9*x - 13*x + 16. Suppose 11*n + 252 - 1880 = t. What is the units digit of n?
8
Let x = 0 + 5. Suppose -x*q + 94 = -2*f - 9, 2*f = -3*q - 111. What is the tens digit of 288/f*69/(-4)?
9
Suppose 5*d - 4*m = -1025, -7*m + 826 = -4*d - 5*m. Let z = d + 565. What is the tens digit of z?
5
Let a(h) = h**2 - 13*h + 16. Let r be a(12). Let g be -1*3/(-7 + r). What is the tens digit of 12/g + 1 + 2?
1
Let p be (-87)/203 + (-25)/7. Let u(o) = -8*o**3 - o - 7. What is the units digit of u(p)?
9
Suppose 2*q + x + 14225 = 59450, -5*x = -3*q + 67883. What is the thousands digit of q?
2
Suppose -8*q + 32124 = -0*q - 7*q. What is the ten thousands digit of q?
3
Let l(c) = -c**3 + 4*c**2 + 6*c + 1. Let h be l(5). Suppose -2*r - h = -5*r. Suppose 11*t - 1737 = r*t. What is the hundreds digit of t?
1
Let f = 147 + -89. Let x = f - 60. What is the units digit of x/(-9) - (1070/(-45) - -3)?
1
Let y(l) = 214*l**2 - l + 5. Let a be y(1). Suppose -5*d + a = -4417. What is the hundreds digit of d?
9
Let y be 1873 - 30/(-6) - -5. Let o = y - 608. What is the units digit of o?
5
Suppose 13 = 4*w - 5*i, 2*w - 9*i = -7*i + 6. Suppose 0 = -o - o. Suppose o = 3*x + w*x - 320. What is the tens digit of x?
6
Suppose 17*j = 15*j + 6. What is the tens digit of 801 - ((j - -4) + -10)?
0
Suppose -386 + 4